-13
Let i(c) be the second derivative of 2*c**2 + 52*c + 0 + 1/6*c**3. Determine i(-6).
-2
Let u(g) be the third derivative of g**4/24 - 2*g**3/3 + 87*g**2 + 21. Suppose -5*r + 3*r - 12 = 0. Give u(r).
-10
Let z = -3139/12 - -1049/4. Let j(k) be the third derivative of 1/24*k**4 + 1/120*k**6 + 0*k + 1/10*k**5 + 27*k**2 - z*k**3 + 0. What is j(-6)?
-10
Let o(l) be the third derivative of 1/12*l**4 + 0*l - 56*l**2 + 5/6*l**3 + 0. Determine o(-6).
-7
Let l(w) = w**2 + 2*w - 1. Let h(x) = x**2 - 6*x - 9. Let b be h(8). Suppose i = 2*i - b. Let v(s) = 2*s**2 + 5*s - 2. Let d(o) = i*l(o) - 3*v(o). Give d(0).
-1
Let d(u) = 11*u**2 + 7*u + 10. Let v(f) = -20*f**2 - 13*f - 20. Let g(q) = 7*d(q) + 4*v(q). What is g(-2)?
-16
Let o(g) = 9*g + 236. Suppose -36 - 4 = f - 3*l, 12*f + 305 = l. Calculate o(f).
11
Let q(s) = 11*s. Let v(x) be the first derivative of 17*x**2/2 + 2. Let z(w) = 8*q(w) - 5*v(w). Let b = -5436 - -5434. Determine z(b).
-6
Suppose 15*m - 67 = -22. Let h(k) = 2*k - 6*k + 0*k + m*k. Calculate h(8).
-8
Let f(o) = -66*o**2 - 8*o - 248. Let j(h) = -13*h**2 - 8*h. Let d(b) = -f(b) + 5*j(b). Calculate d(14).
-4
Let r(k) = -3 + 10 - k**3 + 118707*k**2 + 32*k - 118721*k**2. Determine r(-16).
7
Let g = 63 - 14. Let d = -40 + g. Let w(c) = -c**3 + 8*c**2 + 8*c + 8. Determine w(d).
-1
Let v = -977 + 972. Let l(q) = 10 - 3*q + 7*q + 6*q - 3. Give l(v).
-43
Suppose -3*b = 32*b - 805. Let g(i) = i - 22. Let a be g(b). Let f(m) = -25*m**2 - 2*m + 1. Determine f(a).
-26
Let c(z) = -z**3 - 3*z**2 - 2*z - 1. Let s(m) = -m**3 - 4*m**2 - m. Let r(d) = -2*c(d) + 3*s(d). Let i = 198 + 18. Let p = i - 222. Give r(p).
-4
Let k(i) = -13*i - 2. Suppose 23*f = -30 - 85. What is k(f)?
63
Let x be ((-216)/(-66))/(46/(-253)). Let m(t) = -10*t - 185. Give m(x).
-5
Let j(o) = o + 9. Suppose -15 = 2*k + k. Let a be j(k). Suppose a*g + 9 = -15. Let q(b) = -b**2 - 5*b + 5. Give q(g).
-1
Suppose -10*w + 20 = -0*w. Suppose 0*i = -4*i - w*i. Suppose i*l = l + l. Let f(u) = -u**3 + u**2 - 3. Calculate f(l).
-3
Let z(k) be the first derivative of k**3/3 - 3*k**2/2 - k - 1. Suppose 2*x + 448 = -4*n, -4*x - 12*n - 872 = -10*n. Let v = x + 214. What is z(v)?
9
Let c(y) = 7*y - 5. Let z = -3725 + 3726. Give c(z).
2
Let y = 39 - 35. Suppose n + 7 = -2*g + 4*g, 17 = y*n + g. Let l(f) = -f**2 - n - f + 4 + 0*f**2. Determine l(-3).
-5
Suppose 127 = 12*j - 5. Let y(i) = 3*i**2 - i**3 + 7*i**2 + 5*i + 38 - 24 + 5*i. Calculate y(j).
3
Suppose -51*v - 129 = -43*v + m, 34 = -2*v - 2*m. Let a(z) = z**3 + 15*z**2 - 19*z - 55. Determine a(v).
-7
Suppose 27*x + 333 = 225. Let n(j) = -6*j + 11. Calculate n(x).
35
Let f(w) be the second derivative of -7 + w**2 + 7/6*w**3 + 12*w + 1/12*w**4. Suppose -13 + 1 = 2*g. Give f(g).
-4
Let a(t) = -27*t**3 - 4*t**2 + 9*t + 2. Let s(p) = 49*p**3 + 7*p**2 - 17*p - 4. Let v(x) = -11*a(x) - 6*s(x). Give v(-2).
-20
Let d(r) = 4*r**2 + 17*r + 11. Let m(v) = -9*v**2 - 30*v - 16. Let b(k) = 5*d(k) + 3*m(k). Give b(0).
7
Let f(c) = -6*c + 2. Let l be f(3). Let m = l - -10. Let u(t) be the third derivative of t**4/12 + 3*t**3/2 + 17184*t**2. What is u(m)?
-3
Let p(q) = -12*q**2 + 54*q + 201. Let l(g) = -7*g**2 + 27*g + 99. Let k(c) = 7*l(c) - 4*p(c). Determine k(-22).
-1
Let j(q) = -2*q**3 - 7*q**2 - 3*q - 15. Let h(w) = 7 + 6*w**2 + 4*w + 19 + 3*w**3 + 3*w**2 - 12. Let u(i) = -3*h(i) - 4*j(i). What is u(0)?
18
Let i(n) = -15*n**3 - 22*n**2 + 5*n + 240. Let y(b) = -7*b**3 - 11*b**2 + 2*b + 111. Let g(x) = -6*i(x) + 13*y(x). What is g(-11)?
47
Suppose 2*b + 3 = b. Let n(p) = 33 + 8 + 12 - 49 - p**2. Give n(b).
-5
Let c be (6/8)/((-3)/(-16)). Suppose -6*j = -5*j - 1, -5*w = -c*j - 31. Let n(k) = k**2 - 11*k + 4. What is n(w)?
-24
Let m(g) = g - 24. Let b(v) = 6*v - 120. Let f(p) = 2*b(p) - 11*m(p). Let c be f(-21). Let r(o) = o - 6. Give r(c).
-3
Let w(q) = 58*q + 43. Let k(s) = -163*s - 127. Let d(g) = 5*k(g) + 14*w(g). Calculate d(-7).
-12
Let w(q) = -3*q**3 - 24*q + 9*q**3 - 11*q**2 + 51*q - 37*q + 19 - 7*q**3. What is w(-9)?
-53
Let i(m) = -m**2 + 704*m + 6410. Let r be i(-9). Let p(c) = -5 - 2*c - 3 - 2. Determine p(r).
4
Let k(o) be the third derivative of o**5/60 - 7*o**4/24 - o**3/6 - o**2. Let x(n) = -5*n - 108. Let g be (-2460)/108 + (-2)/9. Let f be x(g). What is k(f)?
-1
Let g(v) be the third derivative of v**6/60 + v**5/60 - v**4/24 - v**3/6 - v**2. Let z be 443/(-4)*(-6 - -10). Let s = z + 445. Give g(s).
17
Suppose -2*v + 7*p + 301 = 2*p, -5*p = 4*v - 557. Suppose 60*w - 47*w = v. Let d(a) = 3*a + 4. What is d(w)?
37
Let j(u) = -u**2 - 9*u - 6. Suppose 8*z - 131 - 101 = 0. Let l(c) = c**3 - 2*c + 2. Let h be l(3). Let r = h - z. What is j(r)?
12
Let c(q) = 157 + 106 + 4*q - 315 + 114 + 5*q. Calculate c(-6).
8
Let v(a) be the second derivative of a**6/90 + a**5/60 + a**4/12 - 5*a**3/6 + 67*a + 2. Let y(r) be the third derivative of v(r). What is y(-3)?
-22
Let m(n) = n**3 - 8*n**2 - 193*n - 16. Let s be m(19). Suppose 69*p - 33*p = -s. Let y(r) = r**2 + 10*r - 5 + 7 + 10. What is y(p)?
-4
Let r be ((-35)/28)/(6/(1 + -25)). Let y(a) = 12*a - 54. Calculate y(r).
6
Let t(r) = -9*r**2 - 6*r - 2. Let k be t(-3). Let m = k - -94. Suppose -o - 6 = -4*d - m, 2*d = -o - 13. Let n(l) = l + 4. Determine n(d).
-2
Let y(p) = p**2 - 9*p - 6. Let d be (2 - 4 - 10)*(-65)/2. Let t = 399 - d. Give y(t).
-6
Suppose 50 = 2*d + 38. Let t(m) = 14*m**2 + 9*m - 7. Let u(i) = 17*i**2 + 10*i - 8. Let j(a) = d*t(a) - 5*u(a). Calculate j(4).
-2
Suppose 3*c - h - 2*h = -6, -5*h + 10 = 0. Let m be c + -2 + (-13)/(78/12). Let y(t) = t - 3. Calculate y(m).
-7
Suppose 19*s = -8*s - 297. Let n(u) = 24*u**2 - 12*u - 13*u**2 - 15 - 12*u**2. What is n(s)?
-4
Let i(x) = 3*x + 14. Let l be (-1)/(-1)*-7 + 3. Let o(c) = 4*c + 9. Let u be o(l). Let t be i(u). Let w(f) = f**2 + 5*f - 8. Calculate w(t).
6
Let h(f) be the third derivative of f**4/8 - 6*f**3 + 54*f**2 - 2*f - 3. Give h(-5).
-51
Suppose 2*i + 103 = 31. Let d = -35 - i. Let g(a) = 1 + 3 - 4*a + d + a**2. Calculate g(4).
5
Let o(a) = -a + 2. Let y(s) = 4*s + 8. Let z(q) = -q**2 + 24*q - 145. Let u be z(12). Let w(f) = u*y(f) - o(f). What is w(-6)?
8
Let y(i) = 9*i - 3. Let c(p) = -26*p + 8. Let g(a) = 6*c(a) + 17*y(a). Let m(x) = -7*x - 51. Let o be m(-7). Determine g(o).
3
Let r(a) be the first derivative of -51*a**4/2 - a**3/3 + a**2 - a + 4608. Determine r(1).
-102
Let z be (3 + -3 + (-4)/(-2))*144/(-32). Let s(k) = k - 17. Determine s(z).
-26
Let d = -6 + 10. Suppose -4*l + d*l = l. Let k(f) = -f**3 - f + 11. What is k(l)?
11
Let f(k) = 3*k**2 - 22*k - 51. Let o be f(9). Let b(j) = 2*j**2 + 15*j + 23. What is b(o)?
5
Let a(s) = -s + 7. Let u(f) = 4*f**3 + 2*f + 5. Let z(p) = -p**3 + p**2 - p + 1. Let y(g) = -u(g) - 5*z(g). Let t be y(5). Calculate a(t).
2
Let o(v) be the second derivative of v**4/12 + 7*v**3/6 + 5*v**2 + 497*v. What is o(-7)?
10
Let s(y) be the third derivative of -y**5/60 - y**4/4 + y**3/6 + y**2. Let u(d) = d**2 - 81*d - 916. Let a be u(-10). Determine s(a).
1
Let g(y) = y**3 + 35*y**2 - 750*y - 6. Let l be g(-50). Let x(s) = 9 + 1 + 5*s - 3. Determine x(l).
-23
Let y = -15229 + 15223. Let f(v) = v + 4. Let s(c) = c + 5. Let n(w) = -2*f(w) + 3*s(w). Give n(y).
1
Suppose 0 = -t + 3, -11*t + 12*t + 3 = 2*l. Let m(z) = -8*z - 10. Let k(u) = -3*u - 3. Let w(g) = -11*k(g) + 4*m(g). Determine w(l).
-4
Suppose 3*a - 9*a + 12 = 0. Suppose w = -3*y + 22 + 28, -3*y - a*w + 52 = 0. Let r be 2/(-8) - (-100)/y. Let z(c) = 2*c - 1. Determine z(r).
11
Suppose -14 = 6*x + x. Let s be (-6 + 1)/((-4)/2)*x. Let i(j) = -j**2 - 4*j - 1. Calculate i(s).
-6
Let z(p) be the first derivative of -2*p**3/3 - p**2 - 197. Determine z(-1).
0
Let v be -3*(-1*(6 + 8) + 5). Let y(k) = 3*k - 89. Give y(v).
-8
Let f(p) = -5 + 236*p - 6 - 1 - 228*p. Determine f(0).
-12
Let v(w) = -15*w**3 - 17*w**2 - 3*w - 1. Let s(c) = -82*c**3 - 86*c**2 - 16*c - 6. Let a(p) = 2*s(p) - 11*v(p). What is a(-15)?
-16
Let z = 169 - 167. Let c(p) = -25*p**2 + 49*p**z + 2 - 27*p**2 - p**3. Let x(m) = -m**2 - 4*m + 2. Let g be x(-5). Give c(g).
2
Let g be 8/(-20) - 8/(-20)*6. Let q(w) be the second derivative of w**5/20 - 5*w**4/12 + 2*w**3/3 - 5*w**2/2 + 32*w. What is q(g)?
-9
Let w(u) = -2*u + 14. Let p(g) = -80 + 41 + 14*g - 8*g. Let l(r) = -3*p(r) - 8*w(r). D